{"id":17361,"date":"2025-02-18T14:46:04","date_gmt":"2025-02-18T13:46:04","guid":{"rendered":"https:\/\/bota-dz.com\/shop\/?page_id=17361"},"modified":"2025-02-19T11:29:04","modified_gmt":"2025-02-19T10:29:04","slug":"service-apres-vente","status":"publish","type":"page","link":"https:\/\/bota-dz.com\/shop\/service-apres-vente\/","title":{"rendered":"Service Apr\u00e8s-Vente"},"content":{"rendered":"\t\t<div data-elementor-type=\"wp-page\" data-elementor-id=\"17361\" class=\"elementor elementor-17361\">\n\t\t\t\t<div class=\"elementor-element elementor-element-b4c4662 e-flex e-con-boxed wd-section-disabled e-con e-parent\" data-id=\"b4c4662\" data-element_type=\"container\">\n\t\t\t\t\t<div class=\"e-con-inner\">\n\t\t<div class=\"elementor-element elementor-element-4a0a98d e-con-full e-flex wd-section-disabled e-con e-child\" data-id=\"4a0a98d\" data-element_type=\"container\">\n\t\t\t\t<div class=\"elementor-element elementor-element-f27389d elementor-widget__width-initial elementor-widget elementor-widget-wd_image_or_svg\" data-id=\"f27389d\" data-element_type=\"widget\" data-widget_type=\"wd_image_or_svg.default\">\n\t\t\t\t<div class=\"elementor-widget-container\">\n\t\t\t\t\t\n\t\t<div class=\"wd-image text-left\">\n\t\t\t\t\t\t\t\t\t\t\t\t\t<\/div>\n\n\t\t\t\t\t\t<\/div>\n\t\t\t\t<\/div>\n\t\t\t\t<\/div>\n\t\t<div class=\"elementor-element elementor-element-3dd2f38 e-con-full e-flex wd-section-disabled e-con e-child\" data-id=\"3dd2f38\" data-element_type=\"container\">\n\t\t\t\t<div class=\"elementor-element elementor-element-f398028 elementor-widget elementor-widget-wd_title\" data-id=\"f398028\" data-element_type=\"widget\" data-widget_type=\"wd_title.default\">\n\t\t\t\t<div class=\"elementor-widget-container\">\n\t\t\t\t\t\t\t<div class=\"title-wrapper set-mb-s reset-last-child wd-title-color-default wd-title-style-default wd-title-size-default text-left\">\n\n\t\t\t\t\t\t\t<div class=\"title-subtitle subtitle-color-default subtitle-style-default wd-fontsize-xs\">\n\t\t\t\t\tBOTA Medical - Service Apr\u00e8s-Vente\t\t\t\t<\/div>\n\t\t\t\n\t\t\t<div class=\"liner-continer\">\n\t\t\t\t<h4 class=\"woodmart-title-container title wd-fontsize-l\">Votre satisfaction, notre engagement durable<br \/>\n<\/h4> \n\t\t\t\t\t\t\t<\/div>\n\n\t\t\t\t\t\t\t<div class=\"title-after_title set-cont-mb-s reset-last-child wd-fontsize-xs\">\n\t\t\t\t\t<p>Chez\u00a0<strong>BOTA M\u00e9dicale<\/strong>, distributeur de mat\u00e9riel m\u00e9dical en Alg\u00e9rie, nous savons que la fiabilit\u00e9 de vos \u00e9quipements est vitale pour la qualit\u00e9 des soins.<\/p><p>Notre service apr\u00e8s-vente (SAV) vous assure un\u00a0<strong>support technique expert<\/strong>, une\u00a0<strong>maintenance pr\u00e9ventive<\/strong>\u00a0et une\u00a0<strong>intervention rapide<\/strong>\u00a0pour garantir la continuit\u00e9 de vos activit\u00e9s m\u00e9dicales.<\/p>\t\t\t\t<\/div>\n\t\t\t\t\t<\/div>\n\t\t\t\t\t\t<\/div>\n\t\t\t\t<\/div>\n\t\t\t\t<div class=\"elementor-element elementor-element-d6e7c44 elementor-widget__width-initial elementor-widget elementor-widget-wd_title\" data-id=\"d6e7c44\" data-element_type=\"widget\" data-widget_type=\"wd_title.default\">\n\t\t\t\t<div class=\"elementor-widget-container\">\n\t\t\t\t\t\t\t<div class=\"title-wrapper set-mb-s reset-last-child wd-title-color-default wd-title-style-default wd-title-size-default text-left\">\n\n\t\t\t\n\t\t\t<div class=\"liner-continer\">\n\t\t\t\t<h4 class=\"woodmart-title-container title wd-fontsize-l\">NOS ENGAGEMENTS<br \/>\n<\/h4> \n\t\t\t\t\t\t\t<\/div>\n\n\t\t\t\t\t\t\t<div class=\"title-after_title set-cont-mb-s reset-last-child wd-fontsize-xs\">\n\t\t\t\t\t<p>- <strong>Maintenance certifi\u00e9e<\/strong>\u00a0selon les normes internationales (ISO, CE).<br \/>- <strong>Stock de pi\u00e8ces d\u00e9tach\u00e9es<\/strong>\u00a0d\u00e9di\u00e9 aux \u00e9quipements m\u00e9dicaux.<br \/>- <strong>Formation du personnel<\/strong> \u00e0 l\u2019utilisation et \u00e0 l\u2019entretien des appareils.\u00a0 \u00a0 \u00a0 \u00a0- <strong>Assistance technique 24h\/24<\/strong>\u00a0pour les urgences critiques (bloc op\u00e9ratoire, r\u00e9animation, etc.).<\/p>\t\t\t\t<\/div>\n\t\t\t\t\t<\/div>\n\t\t\t\t\t\t<\/div>\n\t\t\t\t<\/div>\n\t\t\t\t<\/div>\n\t\t\t\t\t<\/div>\n\t\t\t\t<\/div>\n\t\t<div class=\"elementor-element elementor-element-b1f5bb0 e-con-full e-flex wd-section-disabled e-con e-parent\" data-id=\"b1f5bb0\" data-element_type=\"container\" data-settings=\"{&quot;background_background&quot;:&quot;classic&quot;}\">\n\t\t\t\t<div class=\"elementor-element elementor-element-7bfc4c6 elementor-widget__width-initial elementor-widget elementor-widget-wd_infobox_carousel\" data-id=\"7bfc4c6\" data-element_type=\"widget\" data-widget_type=\"wd_infobox_carousel.default\">\n\t\t\t\t<div class=\"elementor-widget-container\">\n\t\t\t\t\t\t\t<div class=\"wd-carousel-container info-box-carousel-wrapper wd-carousel-spacing-30\" data-owl-carousel data-speed=\"\" data-slides_per_view_tablet='{\"size\":\"\"}' data-slides_per_view_mobile='{\"size\":\"\"}' data-wrap=\"no\" data-hide_pagination_control=\"no\" data-hide_prev_next_buttons=\"no\" data-desktop=\"3\" data-tablet_landscape=\"3\" data-tablet=\"2\" data-mobile=\"1\">\n\t\t\t<div class=\"owl-carousel wd-owl info-box-carousel owl-items-lg-3 owl-items-md-3 owl-items-sm-2 owl-items-xs-1\">\n\t\t\t\t\t\t\t\t\t\t\t\t\t\t\t\t<div class=\"info-box-wrapper\">\n\t\t\t<div class=\"wd-info-box text-center box-icon-align-top box-style-base color-scheme-  elementor-repeater-item-3e5240a cursor-pointer\" onclick=\"window.location.href='#'\" style=\"\">\n\t\t\t\t\t\t\t\t\t<div class=\"box-icon-wrapper  box-with-icon box-icon-simple\">\n\t\t\t\t\t\t<div class=\"info-box-icon\">\n\t\t\t\t\t\t\t\t\t\t\t\t\t\t\t<img decoding=\"async\" width=\"150\" height=\"150\" src=\"https:\/\/bota-dz.com\/shop\/wp-content\/uploads\/2025\/02\/predictive-150x150.png\" class=\"attachment-thumbnail size-thumbnail\" alt=\"\" srcset=\"https:\/\/bota-dz.com\/shop\/wp-content\/uploads\/2025\/02\/predictive-150x150.png 150w, https:\/\/bota-dz.com\/shop\/wp-content\/uploads\/2025\/02\/predictive-300x300.png 300w, https:\/\/bota-dz.com\/shop\/wp-content\/uploads\/2025\/02\/predictive-430x430.png 430w, https:\/\/bota-dz.com\/shop\/wp-content\/uploads\/2025\/02\/predictive-64x64.png 64w, https:\/\/bota-dz.com\/shop\/wp-content\/uploads\/2025\/02\/predictive.png 512w\" sizes=\"(max-width: 150px) 100vw, 150px\" \/>\t\t\t\t\t\t\t\t\t\t\t\t\t<\/div>\n\t\t\t\t\t<\/div>\n\t\t\t\t\n\t\t\t\t<div class=\"info-box-content\">\n\t\t\t\t\t\n\t\t\t\t\t\t\t\t\t\t\t<h4\t\t\t\t\t\tclass=\"info-box-title title box-title-style-default wd-fontsize-m\" data-elementor-setting-key=\"title\">\n\t\t\t\t\t\t\t\tMAINTENANCE PR\u00c9VENTIVE\t\t\t\t\t\t<\/h4>\n\t\t\t\t\t\n\t\t\t\t\t<div class=\"info-box-inner set-cont-mb-s reset-last-child\"data-elementor-setting-key=\"content\"><p>Contrats de maintenance personnalis\u00e9s pour vos appareils m\u00e9dicaux.<\/p>\n<p>Calibration et v\u00e9rification p\u00e9riodique des \u00e9quipements pour respecter les normes sanitaires.<\/p>\n<p>Rapport d\u2019intervention d\u00e9taill\u00e9 et tra\u00e7abilit\u00e9 compl\u00e8te.<\/p>\n<\/div>\n\t\n\t\t\t\t\t\t\t\t\t<\/div>\n\t\t\t<\/div>\n\t\t<\/div>\n\t\t\t\t\t\t\t\t\t\t\t\t\t\t\t\t\t\t<div class=\"info-box-wrapper\">\n\t\t\t<div class=\"wd-info-box text-center box-icon-align-top box-style-base color-scheme-  elementor-repeater-item-ce5143f cursor-pointer\" onclick=\"window.location.href='#'\" style=\"\">\n\t\t\t\t\t\t\t\t\t<div class=\"box-icon-wrapper  box-with-icon box-icon-simple\">\n\t\t\t\t\t\t<div class=\"info-box-icon\">\n\t\t\t\t\t\t\t\t\t\t\t\t\t\t\t<img decoding=\"async\" width=\"150\" height=\"150\" src=\"https:\/\/bota-dz.com\/shop\/wp-content\/uploads\/2025\/02\/training-150x150.png\" class=\"attachment-thumbnail size-thumbnail\" alt=\"\" srcset=\"https:\/\/bota-dz.com\/shop\/wp-content\/uploads\/2025\/02\/training-150x150.png 150w, https:\/\/bota-dz.com\/shop\/wp-content\/uploads\/2025\/02\/training-300x300.png 300w, https:\/\/bota-dz.com\/shop\/wp-content\/uploads\/2025\/02\/training-430x430.png 430w, https:\/\/bota-dz.com\/shop\/wp-content\/uploads\/2025\/02\/training-64x64.png 64w, https:\/\/bota-dz.com\/shop\/wp-content\/uploads\/2025\/02\/training.png 512w\" sizes=\"(max-width: 150px) 100vw, 150px\" \/>\t\t\t\t\t\t\t\t\t\t\t\t\t<\/div>\n\t\t\t\t\t<\/div>\n\t\t\t\t\n\t\t\t\t<div class=\"info-box-content\">\n\t\t\t\t\t\n\t\t\t\t\t\t\t\t\t\t\t<h4\t\t\t\t\t\tclass=\"info-box-title title box-title-style-default wd-fontsize-m\" data-elementor-setting-key=\"title\">\n\t\t\t\t\t\t\t\tFORMATION ET MISE \u00c0 JOUR<br \/>\n\t\t\t\t\t\t<\/h4>\n\t\t\t\t\t\n\t\t\t\t\t<div class=\"info-box-inner set-cont-mb-s reset-last-child\"data-elementor-setting-key=\"content\"><p>Sessions de formation pour vos \u00e9quipes (utilisation avanc\u00e9e, protocoles de s\u00e9curit\u00e9).<\/p>\n<p>Mise \u00e0 jour des logiciels et firmware des appareils connect\u00e9s.<\/p>\n<p>Support technique en ligne via notre plateforme s\u00e9curis\u00e9e.<\/p>\n<\/div>\n\t\n\t\t\t\t\t\t\t\t\t<\/div>\n\t\t\t<\/div>\n\t\t<\/div>\n\t\t\t\t\t\t\t\t\t\t\t\t\t\t\t\t\t\t<div class=\"info-box-wrapper\">\n\t\t\t<div class=\"wd-info-box text-center box-icon-align-top box-style-base color-scheme-  elementor-repeater-item-dc014e8 cursor-pointer\" onclick=\"window.location.href='#'\" style=\"\">\n\t\t\t\t\t\t\t\t\t<div class=\"box-icon-wrapper  box-with-icon box-icon-simple\">\n\t\t\t\t\t\t<div class=\"info-box-icon\">\n\t\t\t\t\t\t\t\t\t\t\t\t\t\t\t<img decoding=\"async\" width=\"150\" height=\"150\" src=\"https:\/\/bota-dz.com\/shop\/wp-content\/uploads\/2025\/02\/des-pieces-de-rechange-150x150.png\" class=\"attachment-thumbnail size-thumbnail\" alt=\"\" srcset=\"https:\/\/bota-dz.com\/shop\/wp-content\/uploads\/2025\/02\/des-pieces-de-rechange-150x150.png 150w, https:\/\/bota-dz.com\/shop\/wp-content\/uploads\/2025\/02\/des-pieces-de-rechange-300x300.png 300w, https:\/\/bota-dz.com\/shop\/wp-content\/uploads\/2025\/02\/des-pieces-de-rechange-430x430.png 430w, https:\/\/bota-dz.com\/shop\/wp-content\/uploads\/2025\/02\/des-pieces-de-rechange-64x64.png 64w, https:\/\/bota-dz.com\/shop\/wp-content\/uploads\/2025\/02\/des-pieces-de-rechange.png 512w\" sizes=\"(max-width: 150px) 100vw, 150px\" \/>\t\t\t\t\t\t\t\t\t\t\t\t\t<\/div>\n\t\t\t\t\t<\/div>\n\t\t\t\t\n\t\t\t\t<div class=\"info-box-content\">\n\t\t\t\t\t\n\t\t\t\t\t\t\t\t\t\t\t<h4\t\t\t\t\t\tclass=\"info-box-title title box-title-style-default wd-fontsize-m\" data-elementor-setting-key=\"title\">\n\t\t\t\t\t\t\t\tPI\u00c8CES DE RECHANGE\t\t\t\t\t\t<\/h4>\n\t\t\t\t\t\n\t\t\t\t\t<div class=\"info-box-inner set-cont-mb-s reset-last-child\"data-elementor-setting-key=\"content\"><p>Pi\u00e8ces d\u2019origine garanties par les fabricants.<\/p>\n<p>Commande express via notre plateforme d\u00e9di\u00e9e aux professionnels de sant\u00e9.<\/p>\n<p>Assistance logistique pour les \u00e9quipements sous garantie.<\/p>\n<\/div>\n\t\n\t\t\t\t\t\t\t\t\t<\/div>\n\t\t\t<\/div>\n\t\t<\/div>\n\t\t\t\t\t\t\t\t\t\t\t\t\t\t\t\t\t\t<div class=\"info-box-wrapper\">\n\t\t\t<div class=\"wd-info-box text-center box-icon-align-top box-style-base color-scheme-  elementor-repeater-item-a54ffb4 cursor-pointer\" onclick=\"window.location.href='#'\" style=\"\">\n\t\t\t\t\t\t\t\t\t<div class=\"box-icon-wrapper  box-with-icon box-icon-simple\">\n\t\t\t\t\t\t<div class=\"info-box-icon\">\n\t\t\t\t\t\t\t\t\t\t\t\t\t\t\t<img loading=\"lazy\" decoding=\"async\" width=\"150\" height=\"150\" src=\"https:\/\/bota-dz.com\/shop\/wp-content\/uploads\/2025\/02\/fast-time-150x150.png\" class=\"attachment-thumbnail size-thumbnail\" alt=\"\" srcset=\"https:\/\/bota-dz.com\/shop\/wp-content\/uploads\/2025\/02\/fast-time-150x150.png 150w, https:\/\/bota-dz.com\/shop\/wp-content\/uploads\/2025\/02\/fast-time-300x300.png 300w, https:\/\/bota-dz.com\/shop\/wp-content\/uploads\/2025\/02\/fast-time-430x430.png 430w, https:\/\/bota-dz.com\/shop\/wp-content\/uploads\/2025\/02\/fast-time-64x64.png 64w, https:\/\/bota-dz.com\/shop\/wp-content\/uploads\/2025\/02\/fast-time.png 512w\" sizes=\"(max-width: 150px) 100vw, 150px\" \/>\t\t\t\t\t\t\t\t\t\t\t\t\t<\/div>\n\t\t\t\t\t<\/div>\n\t\t\t\t\n\t\t\t\t<div class=\"info-box-content\">\n\t\t\t\t\t\n\t\t\t\t\t\t\t\t\t\t\t<h4\t\t\t\t\t\tclass=\"info-box-title title box-title-style-default wd-fontsize-m\" data-elementor-setting-key=\"title\">\n\t\t\t\t\t\t\t\tD\u00c9PANNAGE ET R\u00c9PARATION URGENTE\t\t\t\t\t\t<\/h4>\n\t\t\t\t\t\n\t\t\t\t\t<div class=\"info-box-inner set-cont-mb-s reset-last-child\"data-elementor-setting-key=\"content\"><p>Intervention rapide sur site.<\/p>\n<p>R\u00e9paration d\u2019\u00e9quipements d\u00e9fectueux : analyseurs de laboratoire, lits m\u00e9dicalis\u00e9s, mat\u00e9riel de diagnostic, etc.<\/p>\n<\/div>\n\t\n\t\t\t\t\t\t\t\t\t<\/div>\n\t\t\t<\/div>\n\t\t<\/div>\n\t\t\t\t\t\t\t\t\t<\/div>\n\t\t<\/div>\n\t\t\t\t\t\t<\/div>\n\t\t\t\t<\/div>\n\t\t\t\t<\/div>\n\t\t\t\t<\/div>\n\t\t","protected":false},"excerpt":{"rendered":"<p>BOTA Medical &#8211; Service Apr\u00e8s-Vente Votre satisfaction, notre engagement durable Chez\u00a0BOTA M\u00e9dicale, distributeur de mat\u00e9riel m\u00e9dical en Alg\u00e9rie, nous savons<\/p>\n","protected":false},"author":3,"featured_media":0,"parent":0,"menu_order":0,"comment_status":"closed","ping_status":"closed","template":"","meta":{"footnotes":""},"class_list":["post-17361","page","type-page","status-publish","hentry"],"_links":{"self":[{"href":"https:\/\/bota-dz.com\/shop\/wp-json\/wp\/v2\/pages\/17361","targetHints":{"allow":["GET"]}}],"collection":[{"href":"https:\/\/bota-dz.com\/shop\/wp-json\/wp\/v2\/pages"}],"about":[{"href":"https:\/\/bota-dz.com\/shop\/wp-json\/wp\/v2\/types\/page"}],"author":[{"embeddable":true,"href":"https:\/\/bota-dz.com\/shop\/wp-json\/wp\/v2\/users\/3"}],"replies":[{"embeddable":true,"href":"https:\/\/bota-dz.com\/shop\/wp-json\/wp\/v2\/comments?post=17361"}],"version-history":[{"count":44,"href":"https:\/\/bota-dz.com\/shop\/wp-json\/wp\/v2\/pages\/17361\/revisions"}],"predecessor-version":[{"id":17524,"href":"https:\/\/bota-dz.com\/shop\/wp-json\/wp\/v2\/pages\/17361\/revisions\/17524"}],"wp:attachment":[{"href":"https:\/\/bota-dz.com\/shop\/wp-json\/wp\/v2\/media?parent=17361"}],"curies":[{"name":"wp","href":"https:\/\/api.w.org\/{rel}","templated":true}]}}