{"id":16039,"date":"2023-12-19T19:06:55","date_gmt":"2023-12-19T18:06:55","guid":{"rendered":"https:\/\/bota-dz.com\/shop\/?post_type=product&#038;p=16039"},"modified":"2025-01-19T12:22:01","modified_gmt":"2025-01-19T11:22:01","slug":"pese-bebe","status":"publish","type":"product","link":"https:\/\/bota-dz.com\/shop\/produits\/medecine-generale\/pese-bebe\/","title":{"rendered":"Balance \u00e9lectronique &#8211; B\u00e9b\u00e9 et nourrisson"},"content":{"rendered":"<p id=\"title\" class=\"a-size-large a-spacing-none\"><span id=\"productTitle\" class=\"a-size-large product-title-word-break\"><span style=\"vertical-align: inherit\"><span style=\"vertical-align: inherit\">P\u00e8se B\u00e9b\u00e9 \u00c9lectronique, Balance B\u00e9b\u00e9 avec Affichage LCD pour les Nouveaux-n\u00e9s et jusqu&#8217;\u00e0 20kg, Suit la Croissance de Votre Enfant, M\u00e9morise la Derni\u00e8re Pes\u00e9e, avec Fonction Tare &#8211; Blanc<\/span><\/span><\/span><\/p>\n","protected":false},"excerpt":{"rendered":"<p><span id=\"productTitle\" class=\"a-size-large product-title-word-break\">P\u00e8se B\u00e9b\u00e9 \u00c9lectronique, Balance B\u00e9b\u00e9 avec Affichage LCD pour les Nouveaux-n\u00e9s et jusqu&#8217;\u00e0 20kg, <\/span><\/p>\n<p><span id=\"productTitle\" class=\"a-size-large product-title-word-break\">Suit la Croissance de Votre Enfant, M\u00e9morise la Derni\u00e8re Pes\u00e9e, avec Fonction Tare &#8211; Blanc<\/span><\/p>\n","protected":false},"featured_media":16925,"comment_status":"open","ping_status":"closed","template":"","meta":[],"product_brand":[],"product_cat":[22,21],"product_tag":[],"class_list":{"0":"post-16039","1":"product","2":"type-product","3":"status-publish","4":"has-post-thumbnail","6":"product_cat-gynecologie-et-maternite","7":"product_cat-medecine-generale","9":"first","10":"instock","11":"taxable","12":"shipping-taxable","13":"product-type-simple"},"_links":{"self":[{"href":"https:\/\/bota-dz.com\/shop\/wp-json\/wp\/v2\/product\/16039","targetHints":{"allow":["GET"]}}],"collection":[{"href":"https:\/\/bota-dz.com\/shop\/wp-json\/wp\/v2\/product"}],"about":[{"href":"https:\/\/bota-dz.com\/shop\/wp-json\/wp\/v2\/types\/product"}],"replies":[{"embeddable":true,"href":"https:\/\/bota-dz.com\/shop\/wp-json\/wp\/v2\/comments?post=16039"}],"version-history":[{"count":2,"href":"https:\/\/bota-dz.com\/shop\/wp-json\/wp\/v2\/product\/16039\/revisions"}],"predecessor-version":[{"id":16927,"href":"https:\/\/bota-dz.com\/shop\/wp-json\/wp\/v2\/product\/16039\/revisions\/16927"}],"wp:featuredmedia":[{"embeddable":true,"href":"https:\/\/bota-dz.com\/shop\/wp-json\/wp\/v2\/media\/16925"}],"wp:attachment":[{"href":"https:\/\/bota-dz.com\/shop\/wp-json\/wp\/v2\/media?parent=16039"}],"wp:term":[{"taxonomy":"product_brand","embeddable":true,"href":"https:\/\/bota-dz.com\/shop\/wp-json\/wp\/v2\/product_brand?post=16039"},{"taxonomy":"product_cat","embeddable":true,"href":"https:\/\/bota-dz.com\/shop\/wp-json\/wp\/v2\/product_cat?post=16039"},{"taxonomy":"product_tag","embeddable":true,"href":"https:\/\/bota-dz.com\/shop\/wp-json\/wp\/v2\/product_tag?post=16039"}],"curies":[{"name":"wp","href":"https:\/\/api.w.org\/{rel}","templated":true}]}}