{"id":16042,"date":"2023-12-19T19:16:19","date_gmt":"2023-12-19T18:16:19","guid":{"rendered":"https:\/\/bota-dz.com\/shop\/?post_type=product&#038;p=16042"},"modified":"2025-01-19T16:45:22","modified_gmt":"2025-01-19T15:45:22","slug":"pese-personne","status":"publish","type":"product","link":"https:\/\/bota-dz.com\/shop\/produits\/medecine-generale\/pese-personne\/","title":{"rendered":"P\u00e8se personne"},"content":{"rendered":"<p><span style=\"vertical-align: inherit\"><span style=\"vertical-align: inherit\">Balance corporelle num\u00e9rique de haute pr\u00e9cision avec 4 zones d&#8217;\u00e9lectrodes, adopte une technologie de rev\u00eatement ITO avanc\u00e9e. elle fournit des mesures instantan\u00e9es et pr\u00e9cises une fois que vous marchez dessus. elle peut calculer 13 mesures de composition corporelle, permet non seulement de v\u00e9rifier votre sant\u00e9, mais \u00e9galement de suivre votre perte de poids et vos progr\u00e8s en mati\u00e8re de sant\u00e9. Synchronisation avec les applications de fitness. Certifi\u00e9 CE et FDA<\/span><\/span><\/p>\n","protected":false},"excerpt":{"rendered":"<p>Balance corporelle num\u00e9rique de haute pr\u00e9cision avec 4 zones d&#8217;\u00e9lectrodes, adopte une technologie de rev\u00eatement ITO avanc\u00e9e. elle fournit des<\/p>\n","protected":false},"featured_media":16944,"comment_status":"open","ping_status":"closed","template":"","meta":[],"product_brand":[],"product_cat":[21],"product_tag":[],"class_list":{"0":"post-16042","1":"product","2":"type-product","3":"status-publish","4":"has-post-thumbnail","6":"product_cat-medecine-generale","8":"first","9":"instock","10":"taxable","11":"shipping-taxable","12":"product-type-simple"},"_links":{"self":[{"href":"https:\/\/bota-dz.com\/shop\/wp-json\/wp\/v2\/product\/16042","targetHints":{"allow":["GET"]}}],"collection":[{"href":"https:\/\/bota-dz.com\/shop\/wp-json\/wp\/v2\/product"}],"about":[{"href":"https:\/\/bota-dz.com\/shop\/wp-json\/wp\/v2\/types\/product"}],"replies":[{"embeddable":true,"href":"https:\/\/bota-dz.com\/shop\/wp-json\/wp\/v2\/comments?post=16042"}],"version-history":[{"count":2,"href":"https:\/\/bota-dz.com\/shop\/wp-json\/wp\/v2\/product\/16042\/revisions"}],"predecessor-version":[{"id":16947,"href":"https:\/\/bota-dz.com\/shop\/wp-json\/wp\/v2\/product\/16042\/revisions\/16947"}],"wp:featuredmedia":[{"embeddable":true,"href":"https:\/\/bota-dz.com\/shop\/wp-json\/wp\/v2\/media\/16944"}],"wp:attachment":[{"href":"https:\/\/bota-dz.com\/shop\/wp-json\/wp\/v2\/media?parent=16042"}],"wp:term":[{"taxonomy":"product_brand","embeddable":true,"href":"https:\/\/bota-dz.com\/shop\/wp-json\/wp\/v2\/product_brand?post=16042"},{"taxonomy":"product_cat","embeddable":true,"href":"https:\/\/bota-dz.com\/shop\/wp-json\/wp\/v2\/product_cat?post=16042"},{"taxonomy":"product_tag","embeddable":true,"href":"https:\/\/bota-dz.com\/shop\/wp-json\/wp\/v2\/product_tag?post=16042"}],"curies":[{"name":"wp","href":"https:\/\/api.w.org\/{rel}","templated":true}]}}