{"id":16055,"date":"2023-12-19T19:41:17","date_gmt":"2023-12-19T18:41:17","guid":{"rendered":"https:\/\/bota-dz.com\/shop\/?post_type=product&#038;p=16055"},"modified":"2025-01-05T11:32:53","modified_gmt":"2025-01-05T10:32:53","slug":"echographe-portable-emp-g30","status":"publish","type":"product","link":"https:\/\/bota-dz.com\/shop\/produits\/imagerie-medical\/echographe-portable-emp-g30\/","title":{"rendered":"Echographe portable &#8211; EMP  G30"},"content":{"rendered":"<h3>Imagerie Compos\u00e9e De Fr\u00e9quence EFCI<\/h3>\n<p>Fournit une imagerie \u00e0 haute r\u00e9solution \u00e0 diff\u00e9rentes profondeurs en permettant la transmission simultan\u00e9e de hautes et basses fr\u00e9quences d&#8217;\u00e9cho.<\/p>\n<h3>Imagerie Compos\u00e9e Spatiale ESCI<\/h3>\n<p>Un certain nombre d&#8217;images ultrasonores tomographiques coplanaires d&#8217;un objet sont obtenues \u00e0 partir de diff\u00e9rentes directions pour former une seule image compos\u00e9e. Son r\u00e9sultat montrerait une r\u00e9duction significative du chatoiement, de l&#8217;encombrement et d&#8217;autres artefacts acoustiques.<\/p>\n<h3>Optimisation De La Cl\u00e9 ESpeed \u200b\u200bOne<\/h3>\n<p>Ajustement acoustique automatique pour une image optimale gr\u00e2ce au traitement intelligent des donn\u00e9es multicanal et r\u00e9trospectif<\/p>\n<h3>Imagerie Panoramique EView<\/h3>\n<p>L&#8217;imagerie panoramique \u00e9largit le champ de vision du diagnostic en alignant s\u00e9quentiellement les images individuelles dans leur contexte anatomique.<\/p>\n<h3>Am\u00e9lioration De L&#8217;aiguille Pour La Biopsie Guid\u00e9e Par Ultrasons<\/h3>\n<p>Il intensifie la visualisation de l&#8217;aiguille \u00e0 partir de son environnement, projette la voie d&#8217;intervention de l&#8217;aiguille de biopsie et aide le praticien \u00e0 effectuer l&#8217;op\u00e9ration avec efficacit\u00e9.<\/p>\n<h4>Calcul Automatique De L&#8217;\u00e9paisseur Du Support Intima IMT<\/h4>\n<p>Auto IMT est une technologie qui g\u00e9n\u00e8re automatiquement le calcul de l&#8217;\u00e9paisseur intima-m\u00e9dia dans la r\u00e9gion d&#8217;int\u00e9r\u00eat.<\/p>\n","protected":false},"excerpt":{"rendered":"<p>L&#8217;\u00e9chographie Doppler couleur portable G30 est associ\u00e9e \u00e0 notre exp\u00e9rience clinique de 24 ans avec toutes les technologies brevet\u00e9es . Avec une conception de style portable de nouvelle g\u00e9n\u00e9ration, il offre une assistance diagnostique avec professionnalisme \u00e0 tout moment et n&#8217;importe o\u00f9.<\/p>\n","protected":false},"featured_media":16650,"comment_status":"open","ping_status":"closed","template":"","meta":[],"product_brand":[],"product_cat":[19],"product_tag":[],"class_list":{"0":"post-16055","1":"product","2":"type-product","3":"status-publish","4":"has-post-thumbnail","6":"product_cat-imagerie-medical","8":"first","9":"instock","10":"taxable","11":"shipping-taxable","12":"product-type-simple"},"_links":{"self":[{"href":"https:\/\/bota-dz.com\/shop\/wp-json\/wp\/v2\/product\/16055","targetHints":{"allow":["GET"]}}],"collection":[{"href":"https:\/\/bota-dz.com\/shop\/wp-json\/wp\/v2\/product"}],"about":[{"href":"https:\/\/bota-dz.com\/shop\/wp-json\/wp\/v2\/types\/product"}],"replies":[{"embeddable":true,"href":"https:\/\/bota-dz.com\/shop\/wp-json\/wp\/v2\/comments?post=16055"}],"version-history":[{"count":3,"href":"https:\/\/bota-dz.com\/shop\/wp-json\/wp\/v2\/product\/16055\/revisions"}],"predecessor-version":[{"id":16658,"href":"https:\/\/bota-dz.com\/shop\/wp-json\/wp\/v2\/product\/16055\/revisions\/16658"}],"wp:featuredmedia":[{"embeddable":true,"href":"https:\/\/bota-dz.com\/shop\/wp-json\/wp\/v2\/media\/16650"}],"wp:attachment":[{"href":"https:\/\/bota-dz.com\/shop\/wp-json\/wp\/v2\/media?parent=16055"}],"wp:term":[{"taxonomy":"product_brand","embeddable":true,"href":"https:\/\/bota-dz.com\/shop\/wp-json\/wp\/v2\/product_brand?post=16055"},{"taxonomy":"product_cat","embeddable":true,"href":"https:\/\/bota-dz.com\/shop\/wp-json\/wp\/v2\/product_cat?post=16055"},{"taxonomy":"product_tag","embeddable":true,"href":"https:\/\/bota-dz.com\/shop\/wp-json\/wp\/v2\/product_tag?post=16055"}],"curies":[{"name":"wp","href":"https:\/\/api.w.org\/{rel}","templated":true}]}}