{"id":16247,"date":"2023-12-23T20:53:57","date_gmt":"2023-12-23T19:53:57","guid":{"rendered":"https:\/\/bota-dz.com\/shop\/?post_type=product&#038;p=16247"},"modified":"2025-01-06T13:59:53","modified_gmt":"2025-01-06T12:59:53","slug":"scanner-x","status":"publish","type":"product","link":"https:\/\/bota-dz.com\/shop\/produits\/imagerie-medical\/scanner-x\/","title":{"rendered":"Scanner Alpha CT 358 Series"},"content":{"rendered":"<p>Un scanner \u00e0 64 coupes avec une ouverture de 75 cm, offrant une exp\u00e9rience de premier ordre en mati\u00e8re de scanner.<\/p>\n<p>\u00c9quip\u00e9 d&#8217;une cam\u00e9ra 3D-Vision pour faciliter le positionnement du patient tout en r\u00e9alisant un contr\u00f4le \u00e0 distance.<\/p>\n<p>Un flux de travail intelligent avec un post-traitement facile et des fonctions d&#8217;auto-diagnostique pour am\u00e9liorer l&#8217;efficacit\u00e9 du travail.<\/p>\n<p>La matrice 1024 et la haute r\u00e9solution d&#8217;image de 0,24 mm offrent plus de confiance pour le diagnostic.<\/p>\n<p>Plages de balayage d&#8217;identification pr\u00e9cises et automatiques pour la t\u00eate, le cou, le thorax, l&#8217;abdomen et le bassin.<\/p>\n","protected":false},"excerpt":{"rendered":"<p>Un scanner \u00e0 64 coupes avec une ouverture de 75 cm, offrant une exp\u00e9rience de premier ordre en mati\u00e8re de scanner.<\/p>\n<p>\u00c9quip\u00e9 d&#8217;une cam\u00e9ra 3D-Vision pour faciliter le positionnement du patient tout en r\u00e9alisant un contr\u00f4le \u00e0 distance.<\/p>\n[video width=\"640\" height=\"360\" mp4=\"https:\/\/bota-dz.com\/shop\/wp-content\/uploads\/2023\/12\/49045849-fb42-4fff-8d86-ef6d1b133592-1.mp4\"][\/video]\n","protected":false},"featured_media":16615,"comment_status":"open","ping_status":"closed","template":"","meta":[],"product_brand":[],"product_cat":[19],"product_tag":[],"class_list":{"0":"post-16247","1":"product","2":"type-product","3":"status-publish","4":"has-post-thumbnail","6":"product_cat-imagerie-medical","8":"first","9":"instock","10":"taxable","11":"shipping-taxable","12":"product-type-simple"},"_links":{"self":[{"href":"https:\/\/bota-dz.com\/shop\/wp-json\/wp\/v2\/product\/16247","targetHints":{"allow":["GET"]}}],"collection":[{"href":"https:\/\/bota-dz.com\/shop\/wp-json\/wp\/v2\/product"}],"about":[{"href":"https:\/\/bota-dz.com\/shop\/wp-json\/wp\/v2\/types\/product"}],"replies":[{"embeddable":true,"href":"https:\/\/bota-dz.com\/shop\/wp-json\/wp\/v2\/comments?post=16247"}],"version-history":[{"count":8,"href":"https:\/\/bota-dz.com\/shop\/wp-json\/wp\/v2\/product\/16247\/revisions"}],"predecessor-version":[{"id":16809,"href":"https:\/\/bota-dz.com\/shop\/wp-json\/wp\/v2\/product\/16247\/revisions\/16809"}],"wp:featuredmedia":[{"embeddable":true,"href":"https:\/\/bota-dz.com\/shop\/wp-json\/wp\/v2\/media\/16615"}],"wp:attachment":[{"href":"https:\/\/bota-dz.com\/shop\/wp-json\/wp\/v2\/media?parent=16247"}],"wp:term":[{"taxonomy":"product_brand","embeddable":true,"href":"https:\/\/bota-dz.com\/shop\/wp-json\/wp\/v2\/product_brand?post=16247"},{"taxonomy":"product_cat","embeddable":true,"href":"https:\/\/bota-dz.com\/shop\/wp-json\/wp\/v2\/product_cat?post=16247"},{"taxonomy":"product_tag","embeddable":true,"href":"https:\/\/bota-dz.com\/shop\/wp-json\/wp\/v2\/product_tag?post=16247"}],"curies":[{"name":"wp","href":"https:\/\/api.w.org\/{rel}","templated":true}]}}